 of 6 and k.
3
Let c = 19 - 10. Calculate the highest common factor of c and 63.
9
Let c be -15*(5 - 6)*1. What is the greatest common divisor of c and 20?
5
Suppose -7*y - 56 = -448. Let g(l) = -4*l + 1. Let s(u) = -u + 1. Let q(k) = -g(k) + 3*s(k). Let a be q(5). Calculate the highest common divisor of a and y.
7
Let k(h) = 307*h**2 + 11*h + 9. Let b(t) = 154*t**2 + 6*t + 5. Let q(i) = -11*b(i) + 6*k(i). Let d be q(1). Calculate the highest common divisor of 21 and d.
21
Suppose -2*m + 5*z + 76 = 0, 0*z - 32 = -m + 4*z. Calculate the greatest common factor of 6 and m.
6
Let c(l) = 4*l**3 + l**2 - 2*l + 1. Let r be c(-3). Let s be (r/(-5))/((-5)/(-25)). What is the highest common divisor of 23 and s?
23
Let t(d) = -d**3 + 6*d**2 + 6*d + 2. Let v be t(5). Suppose 0*b = 3*b + v. Let o = b + 41. Calculate the highest common factor of 154 and o.
22
Suppose 3*w - 4*j = -2*w + 39, 4*w - 29 = j. Suppose -b = -6*b + 240. Let y = 83 - b. What is the greatest common divisor of w and y?
7
Let w(n) = n + 2. Let d be w(1). Suppose 4*j - 870 = d*x, -j - x = -0*j - 214. Calculate the greatest common factor of j and 24.
24
Let n(t) = t. Let d be n(6). Suppose -3*j = -6*j + 9. What is the highest common factor of d and j?
3
Let g(d) = 10*d + 12. Let a(b) = b + 2. Let u be a(2). Let i be g(u). What is the highest common factor of i and 13?
13
Let w(t) = 2*t**3 + 13*t**2 + 4*t. Let m be w(-6). Calculate the greatest common factor of 2 and m.
2
Let f(y) = -6*y + 1. Let o(u) = -u. Let q(z) = -2*f(z) + 11*o(z). Let b be q(4). What is the highest common factor of b and 2?
2
Suppose -2*z = 3*r - 52, -z = 4*r + 6 - 32. Calculate the highest common divisor of 234 and z.
26
Let p = 126 - 66. What is the greatest common factor of p and 20?
20
Let x(s) = s**3 + s. Let t be x(2). Suppose -4*h = 5*n - 48, 3*h - t = 4*n - 36. What is the highest common divisor of 4 and n?
4
Let h(d) = d**3 + 4*d**2 - 6*d + 6. Let l be h(-5). Calculate the greatest common factor of l and 1.
1
Let q be 2/8 - (-20)/(-16). Let l be (4 - 14) + 1*q. Let g be -26*(-1)/(-2)*l. Calculate the highest common factor of g and 13.
13
Suppose -d - 147 + 353 = 0. Suppose 4*q - d = 50. Let k(u) = -u**3 - 2*u**2 + 8*u + 8. Let g be k(-4). Calculate the greatest common divisor of g and q.
8
Let j(s) = 2*s**2 + 6*s + 7. Let v be j(-3). Calculate the highest common factor of v and 35.
7
Let f(s) = s**3 - 8*s**2 - 6*s - 4. Let j be f(9). Calculate the highest common divisor of 46 and j.
23
Suppose m = 2*h - 51, -4*m = -3*h + 5 + 69. What is the greatest common factor of h and 13?
13
Suppose -p + 0*p = -54. Calculate the highest common divisor of p and 36.
18
Let a be 44/5*20/8. Suppose -16 + a = 2*k. What is the greatest common factor of k and 1?
1
Let z = 60 + -30. Let g be -1 + 1 + 6 + 2. Let u = g - 5. What is the greatest common divisor of z and u?
3
Let d be ((-45)/(-10))/(3/6). What is the highest common factor of 18 and d?
9
Let t(l) = l**2 - l - 18. Let n be t(7). What is the highest common factor of 168 and n?
24
Suppose -5*o + 275 = -y - 4*y, -4*y = 5*o - 230. Calculate the highest common factor of o and 10.
10
Suppose z = -2*d - z - 10, 3*d - 5 = 2*z. Let h be (1 - d)/((-6)/(-177)). Let j = h - 3. What is the greatest common divisor of 7 and j?
7
Let x(r) = -r**3 - 7*r**2 + 9*r + 11. Let o be x(-8). Suppose 0 = -4*l + 3*l + 1. What is the greatest common divisor of l and o?
1
Suppose 2*o - 3*o = -5, -4*x - 5*o + 81 = 0. What is the greatest common divisor of x and 4?
2
Suppose -5*f + 10 = -0*f. Suppose 4*h = -5*v - 2 + 62, 0 = f*h - 3*v - 30. What is the greatest common divisor of h and 5?
5
Let x(s) = -s**3 - 11*s**2 - 6*s - 9. Let n be x(-11). Let w = n - -42. What is the greatest common divisor of w and 11?
11
Let i be 3 + (-3 + 2 - -1). Suppose d = -4*x + 44, 0*d + i*x - 47 = -d. Calculate the highest common divisor of d and 8.
8
Let a = -8 - -22. Suppose -32*s + 386 - 162 = 0. Calculate the greatest common divisor of a and s.
7
Let y(a) = 2*a. Suppose 3*p - 2*o = 11, 0 = -2*p - o + 2 + 3. Let u be y(p). What is the highest common divisor of 42 and u?
6
Let d = -31 + 33. Let q be ((-30)/25)/(6/(-80)). Calculate the highest common factor of q and d.
2
Suppose 3*o - 4*u = 99, -4*o + 100 + 32 = -5*u. Suppose -i + 0*q = -4*q + 1, q = 5*i - o. What is the highest common factor of i and 42?
7
Let w be (-25)/10*1*54/(-5). What is the greatest common divisor of 63 and w?
9
Suppose 0*g - 156 = -3*g. Suppose -2*v - 15 = -3*v + 4*u, 3*u - g = -5*v. Calculate the greatest common factor of 99 and v.
11
Suppose 0*p + 5*p = 4*y + 83, p = 2*y + 19. Let z be ((-20)/6)/(10/(-15)). Suppose 6*o - 3 = z*o. Calculate the greatest common factor of o and p.
3
Suppose k = 61 - 54. What is the highest common factor of 77 and k?
7
Let t be -1 + 3 + 4/2. Suppose -3*c = 3*b - 81, -b + 5*c - 23 = -2*b. Calculate the greatest common factor of b and t.
4
Suppose -2*c + 100 = 5*v - v, 79 = 2*c - 3*v. Let g(p) = p + 6. Let m be g(5). What is the greatest common factor of m and c?
11
Let w(j) = -j**2 - 2*j + 5. Let f be w(-3). What is the greatest common factor of 5 and f?
1
Let o be (20/(-16))/(2/(-8)). Suppose -2*r + 70 = 5*p - p, -170 = -5*r - o*p. What is the greatest common divisor of 3 and r?
3
Suppose 5*s + 4*i = 154, s = -2*s + 2*i + 88. What is the highest common divisor of s and 10?
10
Let z be (-2)/12 - 4715/(-246). What is the greatest common divisor of z and 133?
19
Suppose 6*k = 3*k + 3. Suppose s = -0 - k, 9 = 4*h - s. Suppose -h*x + 45 = -x. Calculate the highest common factor of 9 and x.
9
Let x(t) be the second derivative of -7*t**3/3 + t**2 + t. Let q be x(4). Let f = 89 + q. Calculate the highest common divisor of 7 and f.
7
Let n(i) = -4*i - 15. Let l be n(-10). What is the greatest common factor of 175 and l?
25
Let i(r) = -r**3 - 6*r**2 - 4*r + 5. Let k be i(-4). Let v = 16 + k. Suppose -3*h = -v*h + 234. Calculate the highest common divisor of h and 13.
13
Let y(q) be the first derivative of -q**2/2 + 7*q - 1. Let k be y(5). Calculate the greatest common factor of 2 and k.
2
Suppose -2*j - 11 = -5*z, -j - 4 = -3*z + z. Suppose 1 = u + 3, 5*u - 2 = -4*r. Calculate the highest common divisor of r and z.
3
Suppose 11*a - 10*a + 58 = 3*n, 2*a = -3*n + 64. What is the greatest common factor of n and 10?
10
Suppose -4*d + 214 = 14. Let a = 99 - d. Suppose -s = -2*s + 7. Calculate the greatest common factor of a and s.
7
Suppose 37*l - 34*l = 135. What is the greatest common factor of l and 27?
9
Let k be (-21)/(-28)*(-8)/(-3). Suppose k*m - 156 = 42. What is the greatest common divisor of 9 and m?
9
Let i be 2/(-8) - 34/(-8). Suppose -24 - 4 = -i*q. Calculate the highest common divisor of q and 63.
7
Let f = -14 + 27. Let u be (f/4)/(1/4). What is the greatest common divisor of 104 and u?
13
Suppose 5*x - 3*x - 204 = 0. Calculate the greatest common factor of 6 and x.
6
Let f = -112 - -77. Let u be (-1 + -4)*49/f. Let i(x) = 3*x**2 + x + 4. Let k be i(4). Calculate the highest common divisor of u and k.
7
Suppose 4*i = 358 + 38. Let f = 22 - 13. What is the greatest common divisor of f and i?
9
Let i be 1149*1/9 + (-3)/(-9). Calculate the greatest common divisor of i and 16.
16
Suppose 207 = 7*w + 67. Let c be 15/9*1*18. Calculate the highest common divisor of w and c.
10
Suppose -5*k = n - 24, 4*k + 7 = 2*n + 1. Suppose -27 - n = 4*s. Let u be (-2)/6 + (-75)/s. What is the highest common factor of 1 and u?
1
Let q(y) = 29*y + 5. Let k(w) = 19*w + 3. Let g(v) = -8*k(v) + 5*q(v). Let n be g(-5). Let s = 56 - n. Calculate the greatest common divisor of 50 and s.
10
Suppose -3 = -0*n - n. Let y(s) = -s**3 + s**2 - s + 1. Let u be y(1). Suppose u = 4*f + 6 - 14. What is the highest common divisor of n and f?
1
Let l(d) = d**2 + 25*d + 28. Let i be l(-25). What is the highest common factor of i and 28?
28
Suppose 4*c = 3*n - 84, -3*n + c - 2*c + 99 = 0. Let s be n/(-5) - (-4)/10. Let t(w) = -7*w - 7. Let m be t(s). Calculate the highest common factor of 7 and m.
7
Let b = 111 + 47. Let w = b - 106. Let d(o) = 13*o**3 - o**2 + 2*o - 1. Let q be d(1). Calculate the highest common factor of q and w.
13
Let q(g) = g**2 - 4*g - 34. Let f be q(28). What is the highest common divisor of 58 and f?
58
Let t = -45 + 93. Cal